3?
6
What is the thousands digit of 12635?
2
What is the units digit of 14661?
1
What is the hundreds digit of 25057?
0
What is the tens digit of 83?
8
What is the tens digit of 322?
2
What is the hundreds digit of 19645?
6
What is the hundreds digit of 8037?
0
What is the units digit of 3605?
5
What is the ten thousands digit of 41150?
4
What is the hundreds digit of 16709?
7
What is the units digit of 976?
6
What is the hundreds digit of 23545?
5
What is the ten thousands digit of 20810?
2
What is the hundreds digit of 1365?
3
What is the thousands digit of 13380?
3
What is the thousands digit of 3403?
3
What is the thousands digit of 4798?
4
What is the tens digit of 8876?
7
What is the thousands digit of 1083?
1
What is the thousands digit of 12965?
2
What is the tens digit of 43928?
2
What is the tens digit of 544?
4
What is the tens digit of 95250?
5
What is the ten thousands digit of 145968?
4
What is the thousands digit of 1298?
1
What is the thousands digit of 2710?
2
What is the tens digit of 54?
5
What is the tens digit of 8652?
5
What is the hundreds digit of 89137?
1
What is the tens digit of 470?
7
What is the units digit of 679?
9
What is the units digit of 63114?
4
What is the tens digit of 677?
7
What is the hundreds digit of 7035?
0
What is the ten thousands digit of 13909?
1
What is the units digit of 361?
1
What is the tens digit of 5927?
2
What is the tens digit of 1808?
0
What is the thousands digit of 30345?
0
What is the tens digit of 342?
4
What is the tens digit of 36170?
7
What is the units digit of 5240?
0
What is the thousands digit of 2961?
2
What is the tens digit of 932?
3
What is the thousands digit of 9287?
9
What is the ten thousands digit of 105662?
0
What is the hundreds digit of 15134?
1
What is the thousands digit of 4402?
4
What is the hundreds digit of 256?
2
What is the units digit of 20257?
7
What is the thousands digit of 1888?
1
What is the hundreds digit of 43778?
7
What is the tens digit of 2914?
1
What is the hundreds digit of 8944?
9
What is the tens digit of 38061?
6
What is the units digit of 21188?
8
What is the ten thousands digit of 95809?
9
What is the tens digit of 3671?
7
What is the hundreds digit of 46066?
0
What is the tens digit of 254?
5
What is the hundreds digit of 34365?
3
What is the tens digit of 2223?
2
What is the tens digit of 2228?
2
What is the tens digit of 9737?
3
What is the tens digit of 78201?
0
What is the tens digit of 49082?
8
What is the tens digit of 60370?
7
What is the hundreds digit of 1730?
7
What is the ten thousands digit of 18516?
1
What is the units digit of 1239?
9
What is the units digit of 2059?
9
What is the hundreds digit of 3545?
5
What is the ten thousands digit of 37504?
3
What is the hundreds digit of 218?
2
What is the thousands digit of 6920?
6
What is the tens digit of 1044?
4
What is the tens digit of 5059?
5
What is the ten thousands digit of 91495?
9
What is the thousands digit of 16604?
6
What is the units digit of 9158?
8
What is the thousands digit of 2322?
2
What is the hundreds digit of 909?
9
What is the tens digit of 30862?
6
What is the hundreds digit of 8299?
2
What is the tens digit of 6664?
6
What is the units digit of 29293?
3
What is the hundreds digit of 16386?
3
What is the hundreds digit of 15752?
7
What is the ten thousands digit of 34750?
3
What is the units digit of 1665?
5
What is the tens digit of 21?
2
What is the units digit of 631?
1
What is the thousands digit of 11903?
1
What is the units digit of 3741?
1
What is the thousands digit of 2963?
2
What is the units digit of 17258?
8
What is the tens digit of 51909?
0
What is the tens digit of 29530?
3
What is the ten thousands digit of 16169?
1
What is the units digit of 5102?
2
What is the hundreds digit of 53723?
7
What is the ten thousands digit of 31008?
3
What is the ten thousands digit of 15045?
1
What is the thousands digit of 109874?
9
What is the tens digit of 706?
0
What is the hundreds digit of 116?
1
What is the units digit of 6635?
5
What is the units digit of 2020?
0
What is the units digit of 2258?
8
What is the hundreds digit of 2113?
1
What is the units digit of 127567?
7
What is the ten thousands digit of 18447?
1
What is the units digit of 1288?
8
What is the units digit of 2297?
7
What is the thousands digit of 13372?
3
What is the ten thousands digit of 162447?
6
What is the ten thousands digit of 179885?
7
What is the hundreds digit of 8040?
0
What is the thousands digit of 35622?
5
What is the hundreds digit of 8620?
6
What is the ten thousands digit of 23689?
2
What is the tens digit of 8176?
7
What is the tens digit of 2014?
1
What is the tens digit of 2474?
7
What is the hundreds digit of 59818?
8
What is the ten thousands digit of 189360?
8
What is the units digit of 218?
8
What is the thousands digit of 8360?
8
What is the units digit of 55?
5
What is the hundreds digit of 2352?
3
What is the units digit of 59?
9
What is the units digit of 28?
8
What is the ten thousands digit of 12489?
1
What is the tens digit of 9010?
1
What is the tens digit of 3266?
6
What is the tens digit of 3277?
7
What is the tens digit of 63156?
5
What is the units digit of 1137?
7
What is the units digit of 32753?
3
What is the hundreds digit of 1119?
1
What is the ten thousands digit of 21256?
2
What is the hundreds digit of 52159?
1
What is the tens digit of 735?
3
What is the hundreds digit of 6543?
5
What is the thousands digit of 106534?
6
What is the units digit of 821?
1
What is the tens digit of 405?
0
What is the units digit of 3657?
7
What is the tens digit of 666?
6
What is the thousands digit of 5589?
5
What is the tens digit of 3847?
4
What is the ten thousands digit of 11009?
1
What is the hundreds digit of 268?
2
What is the hundreds digit of 1097?
0
What is the hundreds digit of 2583?
5
What is the tens digit of 2708?
0
What is the hundreds digit of 2966?
9
What is the hundreds digit of 775?
7
What is the hundreds digit of 155720?
7
What is the hundreds digit of 16344?
3
What is the units digit of 10333?
3
What is the tens digit of 866?
6
What is the thousands digit of 18432?
8
What is the thousands digit of 4710?
4
What is the tens digit of 11771?
7
What is the hundreds digit of 1317?
3
What is the units digit of 28426?
6
What is the ten thousands digit of 67078?
6
What is the units digit of 5597?
7
What is the units digit of 8822?
2
What is the hundreds digit of 6579?
5
What is the thousands digit of 20630?
0
What is the units digit of 12644?
4
What is the tens digit of 37372?
7
What is the hundreds digit of 4934?
9
What is the units digit of 86460?
0
What is the ten thousands digit of 33506?
3
What is the tens digit of 1469?
6
What is the tens digit of 1159?
5
What is the tens digit of 761?
6
What is the units digit of 192562?
2
What is the tens digit of 9528?
2
What is the units digit of 2050?
0
What is the units digit of 983?
3
What is the ten thousands digit of 100844?
0
What is the tens digit of 48396?
9
What is the units digit of 13500?
0
What is the hundreds digit of 26574?
5
What is the thousands digit of 5679?
5
What is the tens digit of 16375?
7
What is the tens digit of 144?
4
What is the tens digit of 282?
8
What is the hundreds digit of 911?
9
What is the thousands digit of 10753?
0
What is the thousands digit of 2136?
2
What is the hundreds digit of 35401?
4
What is the tens digit of 65?
6
What is the hundreds digit of 2027?
0
What is the units digit of 326?
6
What is the ten thousands digit of 51264?
5
What is the ten thousands digit of 135377?
3
What is the ten thousands digit of 11880?
1
What is the hundreds digit of 283?
2
What is the tens digit of 1298?
9
What is the units digit of 18208?
8
What is the thousands digit of 1911?
1
What is the hundreds digit of 3047?
0
What is the tens digit of 3145?
4
What is the thousands digit of 1703?
1
What is the thousands digit of 20649?
0
What is the hundreds digit of 1708?
7
What is the units digit of 13271?
1
What is the units digit of 8990?
0
What is the units digit of 6505?
5
What is the thousands digit of 16970?
6
What is the units digit of 11447?
7
What is the hundreds digit of 7754?
7
What is the units digit of 4645?
5
What is the units digit of 59?
9
What is the tens digit of 1